{"id":24503,"date":"2025-02-13T12:51:35","date_gmt":"2025-02-13T11:51:35","guid":{"rendered":"https:\/\/internoverde.it\/?page_id=24503"},"modified":"2025-06-26T12:43:47","modified_gmt":"2025-06-26T10:43:47","slug":"vicenza","status":"publish","type":"page","link":"https:\/\/internoverde.it\/eng\/vicenza\/","title":{"rendered":"Interno Verde Vicenza"},"content":{"rendered":"<p>[et_pb_section fb_built=&#8221;1&#8243; disabled_on=&#8221;off|off|off&#8221; _builder_version=&#8221;4.16&#8243; background_color=&#8221;#f2f2f2&#8243; background_enable_image=&#8221;off&#8221; background_size=&#8221;contain&#8221; background_position=&#8221;bottom_left&#8221; custom_margin=&#8221;-43px|||||&#8221; custom_padding=&#8221;0px||0px||false|false&#8221; locked=&#8221;off&#8221; global_colors_info=&#8221;{}&#8221;][et_pb_row disabled_on=&#8221;off|off|off&#8221; _builder_version=&#8221;4.21.2&#8243; width_tablet=&#8221;70%&#8221; width_phone=&#8221;80%&#8221; width_last_edited=&#8221;on|tablet&#8221; custom_padding=&#8221;24px||24px||true|false&#8221; global_colors_info=&#8221;{}&#8221;][et_pb_column type=&#8221;4_4&#8243; _builder_version=&#8221;4.16&#8243; global_colors_info=&#8221;{}&#8221;][et_pb_text _builder_version=&#8221;4.27.4&#8243; _module_preset=&#8221;default&#8221; header_font=&#8221;unbaunded||||||||&#8221; min_height=&#8221;45px&#8221; custom_margin=&#8221;42px||60px|||&#8221; custom_padding=&#8221;30px|||||&#8221; global_colors_info=&#8221;{}&#8221;]<\/p>\n<h1 style=\"text-align: center;\">Interno Verde<\/h1>\n<h1 style=\"text-align: center;\">a Vicenza<\/h1>\n<p>[\/et_pb_text][et_pb_text disabled_on=&#8221;off|off|off&#8221; _builder_version=&#8221;4.27.4&#8243; text_orientation=&#8221;justified&#8221; custom_margin=&#8221;-31px|||||&#8221; text_font_size_tablet=&#8221;&#8221; text_font_size_phone=&#8221;16px&#8221; text_font_size_last_edited=&#8221;on|phone&#8221; text_text_align=&#8221;justify&#8221; locked=&#8221;off&#8221; global_colors_info=&#8221;{}&#8221;]<\/p>\n<p><span>Giardini aperti a Vicenza con Interno Verde, la manifestazione che, giunta alla seconda edizione nel 2025, ha permesso di esplorare oltre 40 tra i pi\u00f9 suggestivi e curiosi giardini privati del centro storico, attraverso i quali \u00e8 possibile leggere la storia, i cambiamenti e i vissuti della citt\u00e0.<br \/><\/span><\/p>\n<p><span>Ha arricchito le edizioni un fitto programma di attivit\u00e0 dedicate alla natura, all\u2019ambiente e allo straordinario patrimonio architettonico della citt\u00e0: ciclopasseggiate e visite guidate, mostre e installazioni artistiche, laboratori per adulti e bambini.<\/span><span><\/span><\/p>\n<p>[\/et_pb_text][\/et_pb_column][\/et_pb_row][et_pb_row _builder_version=&#8221;4.21.2&#8243; _module_preset=&#8221;default&#8221; global_colors_info=&#8221;{}&#8221;][et_pb_column type=&#8221;4_4&#8243; _builder_version=&#8221;4.16&#8243; _module_preset=&#8221;default&#8221; global_colors_info=&#8221;{}&#8221;][et_pb_button button_url=&#8221;https:\/\/internoverde.it\/giardinoteca\/giardinoteca-vicenza\/&#8221; button_text=&#8221;Visita la giardinoteca di Vicenza&#8221; button_alignment=&#8221;center&#8221; disabled_on=&#8221;off|off|off&#8221; _builder_version=&#8221;4.27.4&#8243; _module_preset=&#8221;default&#8221; custom_button=&#8221;on&#8221; button_bg_color=&#8221;RGBA(255,255,255,0)&#8221; button_border_radius=&#8221;25px&#8221; button_font=&#8221;unbaunded||||||||&#8221; button_icon=&#8221;&#xf06c;||fa||900&#8243; custom_margin=&#8221;||||false|false&#8221; custom_padding=&#8221;||||true|false&#8221; button_text_size_tablet=&#8221;&#8221; button_text_size_phone=&#8221;14px&#8221; button_text_size_last_edited=&#8221;on|phone&#8221; custom_css_main_element=&#8221;width: 100%&#8221; locked=&#8221;off&#8221; global_colors_info=&#8221;{}&#8221;][\/et_pb_button][\/et_pb_column][\/et_pb_row][et_pb_row _builder_version=&#8221;4.16&#8243; _module_preset=&#8221;default&#8221; global_colors_info=&#8221;{}&#8221;][et_pb_column type=&#8221;4_4&#8243; _builder_version=&#8221;4.16&#8243; _module_preset=&#8221;default&#8221; global_colors_info=&#8221;{}&#8221;][et_pb_text content_tablet=&#8221;<\/p>\n<h4>Precedenti edizioni a Piacenza<\/h4>\n<p>&#8221; content_phone=&#8221;<\/p>\n<h4 style=\"%22text-align:\" center;%22>Festival<\/h4>\n<p>&#8221; content_last_edited=&#8221;on|phone&#8221; _builder_version=&#8221;4.27.4&#8243; _module_preset=&#8221;default&#8221; header_4_font=&#8221;unbaunded||||||||&#8221; header_4_font_size_tablet=&#8221;&#8221; header_4_font_size_phone=&#8221;25px&#8221; header_4_font_size_last_edited=&#8221;on|phone&#8221; global_colors_info=&#8221;{}&#8221;]<\/p>\n<h4>Festival<\/h4>\n<p>[\/et_pb_text][\/et_pb_column][\/et_pb_row][et_pb_row column_structure=&#8221;1_4,1_4,1_4,1_4&#8243; disabled_on=&#8221;off|off|off&#8221; _builder_version=&#8221;4.27.4&#8243; _module_preset=&#8221;default&#8221; custom_padding=&#8221;15px||||false|false&#8221; global_colors_info=&#8221;{}&#8221;][et_pb_column type=&#8221;1_4&#8243; _builder_version=&#8221;4.24.2&#8243; _module_preset=&#8221;default&#8221; link_option_url=&#8221;https:\/\/internoverde.it\/edizione-2023\/&#8221; global_colors_info=&#8221;{}&#8221;][\/et_pb_column][et_pb_column type=&#8221;1_4&#8243; _builder_version=&#8221;4.16&#8243; _module_preset=&#8221;default&#8221; global_colors_info=&#8221;{}&#8221;][et_pb_image src=&#8221;https:\/\/internoverde.it\/wp-content\/uploads\/2025\/06\/Copertina_Vicenza.webp&#8221; url=&#8221;https:\/\/internoverde.it\/vicenza\/edizione-2025\/&#8221; _builder_version=&#8221;4.27.4&#8243; _module_preset=&#8221;default&#8221; animation_style=&#8221;roll&#8221; hover_enabled=&#8221;0&#8243; border_radii=&#8221;on|25px|25px|25px|25px&#8221; border_width_all=&#8221;2px&#8221; border_color_all=&#8221;#dc143c&#8221; global_colors_info=&#8221;{}&#8221; transform_styles__hover_enabled=&#8221;on|hover&#8221; transform_scale__hover_enabled=&#8221;on|desktop&#8221; transform_translate__hover_enabled=&#8221;on|desktop&#8221; transform_rotate__hover_enabled=&#8221;on|hover&#8221; transform_skew__hover_enabled=&#8221;on|desktop&#8221; transform_origin__hover_enabled=&#8221;on|desktop&#8221; transform_rotate__hover=&#8221;0deg|0deg|355deg&#8221; sticky_enabled=&#8221;0&#8243;][\/et_pb_image][et_pb_text _builder_version=&#8221;4.27.4&#8243; _module_preset=&#8221;default&#8221; header_5_font=&#8221;unbaunded||||||||&#8221; global_colors_info=&#8221;{}&#8221;]<\/p>\n<h5 style=\"text-align: center;\">Vicenza 2025<\/h5>\n<p>[\/et_pb_text][\/et_pb_column][et_pb_column type=&#8221;1_4&#8243; _builder_version=&#8221;4.16&#8243; _module_preset=&#8221;default&#8221; global_colors_info=&#8221;{}&#8221;][et_pb_image src=&#8221;https:\/\/internoverde.it\/wp-content\/uploads\/2024\/10\/Screenshot-2024-10-04-alle-12.20.11_risultato.webp&#8221; url=&#8221;https:\/\/internoverde.it\/vicenza\/edizione-2024\/&#8221; _builder_version=&#8221;4.27.4&#8243; _module_preset=&#8221;default&#8221; animation_style=&#8221;roll&#8221; border_radii=&#8221;on|25px|25px|25px|25px&#8221; border_width_all=&#8221;2px&#8221; border_color_all=&#8221;#dc143c&#8221; global_colors_info=&#8221;{}&#8221; transform_styles__hover_enabled=&#8221;on|hover&#8221; transform_scale__hover_enabled=&#8221;on|desktop&#8221; transform_translate__hover_enabled=&#8221;on|desktop&#8221; transform_rotate__hover_enabled=&#8221;on|hover&#8221; transform_skew__hover_enabled=&#8221;on|desktop&#8221; transform_origin__hover_enabled=&#8221;on|desktop&#8221; transform_rotate__hover=&#8221;0deg|0deg|355deg&#8221;][\/et_pb_image][et_pb_text _builder_version=&#8221;4.27.4&#8243; _module_preset=&#8221;default&#8221; header_5_font=&#8221;unbaunded||||||||&#8221; global_colors_info=&#8221;{}&#8221;]<\/p>\n<h5 style=\"text-align: center;\">Vicenza 2024<\/h5>\n<p>[\/et_pb_text][\/et_pb_column][et_pb_column type=&#8221;1_4&#8243; _builder_version=&#8221;4.16&#8243; _module_preset=&#8221;default&#8221; global_colors_info=&#8221;{}&#8221;][\/et_pb_column][\/et_pb_row][et_pb_row _builder_version=&#8221;4.16&#8243; _module_preset=&#8221;default&#8221; global_colors_info=&#8221;{}&#8221;][et_pb_column type=&#8221;4_4&#8243; _builder_version=&#8221;4.16&#8243; _module_preset=&#8221;default&#8221; global_colors_info=&#8221;{}&#8221;][et_pb_text content_tablet=&#8221;<\/p>\n<h4>Precedenti edizioni a Piacenza<\/h4>\n<p>&#8221; content_phone=&#8221;<\/p>\n<h4 style=\"%22text-align:\" center;%22>Partners<\/h4>\n<p>\u00a0<\/p>\n<p style=\"%22text-align:\" left;%22><a href=\"\/eng\/\"https:\/\/www.lavigna.it\/it\/lavigna\"\/\" data-et-target-link=\"%22_blank%22\" rel=\"%22noopener%22\">Centro Studi Biblioteca Internazionale La Vigna<\/a><span>, <\/span><a href=\"\/eng\/\"https:\/\/www.gdf.gov.it\/it\/reparti-del-corpo\/veneto\/vicenza\/comando-provinciale-vicenza\"\/\" data-et-target-link=\"%22_blank%22\" rel=\"%22noopener%22\">Comando della Guardia di Finanza di Vicenza<\/a><span>, <\/span><a href=\"\/eng\/\"https:\/\/www.consvi.it\/\"\/\" data-et-target-link=\"%22_blank%22\" rel=\"%22noopener%22\">Conservatorio Pedrollo<\/a><span>, <\/span><a href=\"\/eng\/\"https:\/\/www.diocesivicenza.it\/\"\/\" data-et-target-link=\"%22_blank%22\" rel=\"%22noopener%22\">Diocesi di Vicenza<\/a><span>, <\/span><a href=\"\/eng\/\"https:\/\/www.ipab.vicenza.it\/\"\/\" data-et-target-link=\"%22_blank%22\" rel=\"%22noopener%22\">IPAB Vicenza<\/a><span>, <\/span><a href=\"\/eng\/\"https:\/\/www.icvicenza5.edu.it\/\"\/\" data-et-target-link=\"%22_blank%22\" rel=\"%22noopener%22\">Istituto Comprensivo Vicenza 5<\/a><span>, <\/span><a href=\"\/eng\/\"https:\/\/www.dameinglesi.it\/\"\/\" data-et-target-link=\"%22_blank%22\" rel=\"%22noopener%22\">Istituto Dame Inglesi<\/a><span>, <\/span><a href=\"\/eng\/\"https:\/\/www.lampertico.edu.it\/\"\/\" data-et-target-link=\"%22_blank%22\" rel=\"%22noopener%22\">Istituto Fedele Lampertico<\/a><span>, <\/span><a href=\"\/eng\/\"https:\/\/www.itefusinieri.edu.it\/\"\/\" data-et-target-link=\"%22_blank%22\" rel=\"%22noopener%22\">Istituto Ambrogio Fusinieri<\/a><span>, <\/span><a href=\"\/eng\/\"https:\/\/www.fogazzaro.edu.it\/\"\/\" data-et-target-link=\"%22_blank%22\" rel=\"%22noopener%22\">Liceo Don Giuseppe Fogazzaro<\/a><span>, <\/span><a href=\"\/eng\/\"https:\/\/www.instagram.com\/alma_vicenza\/\"\/\" data-et-target-link=\"%22_blank%22\" rel=\"%22noopener%22\">Alma<\/a><span>, <\/span><a href=\"\/eng\/\"https:\/\/www.informagiovani.vi.it\/amici-dei-parchi\/\"\/\" data-et-target-link=\"%22_blank%22\" rel=\"%22noopener%22\">Amici dei Parchi<\/a><span>, <\/span><a href=\"\/eng\/\"https:\/\/antroposofiavicenza.org\/\"\/\" data-et-target-link=\"%22_blank%22\" rel=\"%22noopener%22\">Associazione Pedagogica Steineriana<\/a><span>, <\/span><a href=\"\/eng\/\"https:\/\/www.apicoltoriveneto.it\/\"\/\" data-et-target-link=\"%22_blank%22\" rel=\"%22noopener%22\">Associazione Regionale Apicoltori del Veneto<\/a><span>, <\/span><a href=\"\/eng\/\"https:\/\/www.instagram.com\/chiaracentofanti\/\"\/\" data-et-target-link=\"%22_blank%22\" rel=\"%22noopener%22\">100 Orti<\/a><span>, <\/span><a href=\"\/eng\/\"https:\/\/www.ristoratoridivicenza.it\/ita\/food\/ristoranti-e-trattorie\/il-cirmolo-pasticceria-bar-20341a1-ita.html\"\/\" data-et-target-link=\"%22_blank%22\" rel=\"%22noopener%22\">Cirmolo<\/a><span>, <\/span><a href=\"\/eng\/\"https:\/\/www.civiltadelverde.com\/\"\/\" data-et-target-link=\"%22_blank%22\" rel=\"%22noopener%22\">Civilt\u00e0 del Verde<\/a><span>, <\/span><a href=\"\/eng\/\"https:\/\/www.csv-vicenza.org\/web\/\"\/\" data-et-target-link=\"%22_blank%22\" rel=\"%22noopener%22\">CSV Vicenza<\/a><span>, <\/span><a href=\"\/eng\/\"https:\/\/www.facebook.com\/comeunincantesimo\/?locale=it_IT\"\" data-et-target-link=\"%22_blank%22\" rel=\"%22noopener%22\">Come un incantesimo<\/a><span>, <\/span><a href=\"\/eng\/\"http:\/\/www.faiberica.it\/wp\/\"\/\" data-et-target-link=\"%22_blank%22\" rel=\"%22noopener%22\">Fai Berica<\/a><span>, <\/span><a href=\"\/eng\/\"http:\/\/www.ilpuntofocale.com\/\"\/\" data-et-target-link=\"%22_blank%22\" rel=\"%22noopener%22\">Fotoclub Il Punto Focale<\/a><span>, <\/span><a href=\"\/eng\/\"https:\/\/www.illustrifestival.org\/\"\/\" data-et-target-link=\"%22_blank%22\" rel=\"%22noopener%22\">Illustri Festival<\/a><span>, <\/span><a href=\"\/eng\/\"https:\/\/palazzodaschiocadoro.com\/\"\/\" data-et-target-link=\"%22_blank%22\" rel=\"%22noopener%22\">Palazzo da Schio Ca\u2019 d\u2019Oro<\/a><span>, <\/span><a href=\"\/eng\/\"https:\/\/porticorosso.it\/\"\/\" data-et-target-link=\"%22_blank%22\" rel=\"%22noopener%22\">Portico Rosso<\/a><span>, <\/span><a href=\"\/eng\/\"https:\/\/www.facebook.com\/silenebottegacucina\/?locale=it_IT\"\" data-et-target-link=\"%22_blank%22\" rel=\"%22noopener%22\">Silene<\/a><span>, <\/span><a href=\"\/eng\/\"https:\/\/antroposofiavicenza.org\/teatrino-dognifiaba\/\"\/\" data-et-target-link=\"%22_blank%22\" rel=\"%22noopener%22\">Teatrino Dognifiaba<\/a><span>.<\/span><\/p>\n<p>&#8221; content_last_edited=&#8221;on|phone&#8221; _builder_version=&#8221;4.27.4&#8243; _module_preset=&#8221;default&#8221; header_4_font=&#8221;unbaunded||||||||&#8221; text_font_size_tablet=&#8221;&#8221; text_font_size_phone=&#8221;15px&#8221; text_font_size_last_edited=&#8221;on|phone&#8221; header_4_font_size_tablet=&#8221;&#8221; header_4_font_size_phone=&#8221;25px&#8221; header_4_font_size_last_edited=&#8221;on|phone&#8221; global_colors_info=&#8221;{}&#8221;]<\/p>\n<h4>Partners<\/h4>\n<p>&nbsp;<\/p>\n<p><a href=\"https:\/\/www.lavigna.it\/it\/lavigna\" target=\"_blank\" rel=\"noopener\">Centro Studi Biblioteca Internazionale La Vigna<\/a><span>,\u00a0<\/span><a href=\"https:\/\/www.gdf.gov.it\/it\/reparti-del-corpo\/veneto\/vicenza\/comando-provinciale-vicenza\" target=\"_blank\" rel=\"noopener\">Comando della Guardia di Finanza di Vicenza<\/a><span>,\u00a0<\/span><a href=\"https:\/\/www.consvi.it\/\" target=\"_blank\" rel=\"noopener\">Conservatorio Pedrollo<\/a><span>,\u00a0<\/span><a href=\"https:\/\/www.diocesivicenza.it\/\" target=\"_blank\" rel=\"noopener\">Diocesi di Vicenza<\/a><span>,\u00a0<\/span><a href=\"https:\/\/www.ipab.vicenza.it\/\" target=\"_blank\" rel=\"noopener\">IPAB Vicenza<\/a><span>,\u00a0<\/span><a href=\"https:\/\/www.icvicenza5.edu.it\/\" target=\"_blank\" rel=\"noopener\">Istituto Comprensivo Vicenza 5<\/a><span>,\u00a0<\/span><a href=\"https:\/\/www.dameinglesi.it\/\" target=\"_blank\" rel=\"noopener\">Istituto Dame Inglesi<\/a><span>,\u00a0<\/span><a href=\"https:\/\/www.lampertico.edu.it\/\" target=\"_blank\" rel=\"noopener\">Istituto Fedele Lampertico<\/a><span>,\u00a0<\/span><a href=\"https:\/\/www.itefusinieri.edu.it\/\" target=\"_blank\" rel=\"noopener\">Istituto Ambrogio Fusinieri<\/a><span>,\u00a0<\/span><a href=\"https:\/\/www.fogazzaro.edu.it\/\" target=\"_blank\" rel=\"noopener\">Liceo Don Giuseppe Fogazzaro<\/a><span>,\u00a0<\/span><a href=\"https:\/\/www.instagram.com\/alma_vicenza\/\" target=\"_blank\" rel=\"noopener\">Alma<\/a><span>,\u00a0<\/span><a href=\"https:\/\/www.informagiovani.vi.it\/amici-dei-parchi\/\" target=\"_blank\" rel=\"noopener\">Amici dei Parchi<\/a><span>,\u00a0<\/span><a href=\"https:\/\/antroposofiavicenza.org\/\" target=\"_blank\" rel=\"noopener\">Associazione Pedagogica Steineriana<\/a><span>,\u00a0<\/span><a href=\"https:\/\/www.apicoltoriveneto.it\/\" target=\"_blank\" rel=\"noopener\">Associazione Regionale Apicoltori del Veneto<\/a><span>,\u00a0<\/span><a href=\"https:\/\/www.instagram.com\/chiaracentofanti\/\" target=\"_blank\" rel=\"noopener\">100 Orti<\/a><span>,\u00a0<\/span><a href=\"https:\/\/www.ristoratoridivicenza.it\/ita\/food\/ristoranti-e-trattorie\/il-cirmolo-pasticceria-bar-20341a1-ita.html\" target=\"_blank\" rel=\"noopener\">Cirmolo<\/a><span>,\u00a0<\/span><a href=\"https:\/\/www.civiltadelverde.com\/\" target=\"_blank\" rel=\"noopener\">Civilt\u00e0 del Verde<\/a><span>,\u00a0<\/span><a href=\"https:\/\/www.csv-vicenza.org\/web\/\" target=\"_blank\" rel=\"noopener\">CSV Vicenza<\/a><span>,\u00a0<\/span><a href=\"https:\/\/www.facebook.com\/comeunincantesimo\/?locale=it_IT\" target=\"_blank\" rel=\"noopener\">Come un incantesimo<\/a><span>,\u00a0<\/span><a href=\"http:\/\/www.faiberica.it\/wp\/\" target=\"_blank\" rel=\"noopener\">Fai Berica<\/a><span>,\u00a0<\/span><a href=\"http:\/\/www.ilpuntofocale.com\/\" target=\"_blank\" rel=\"noopener\">Fotoclub Il Punto Focale<\/a><span>,\u00a0<\/span><a href=\"https:\/\/www.illustrifestival.org\/\" target=\"_blank\" rel=\"noopener\">Illustri Festival<\/a><span>,\u00a0<\/span><a href=\"https:\/\/palazzodaschiocadoro.com\/\" target=\"_blank\" rel=\"noopener\">Palazzo da Schio Ca\u2019 d\u2019Oro<\/a><span>,\u00a0<\/span><a href=\"https:\/\/porticorosso.it\/\" target=\"_blank\" rel=\"noopener\">Portico Rosso<\/a><span>,\u00a0<\/span><a href=\"https:\/\/www.facebook.com\/silenebottegacucina\/?locale=it_IT\" target=\"_blank\" rel=\"noopener\">Silene<\/a><span>,\u00a0<\/span><a href=\"https:\/\/antroposofiavicenza.org\/teatrino-dognifiaba\/\" target=\"_blank\" rel=\"noopener\">Teatrino Dognifiaba<\/a><span>.<\/span><\/p>\n<p>[\/et_pb_text][\/et_pb_column][\/et_pb_row][et_pb_row disabled_on=&#8221;off|off|off&#8221; _builder_version=&#8221;4.27.4&#8243; width_tablet=&#8221;70%&#8221; width_phone=&#8221;80%&#8221; width_last_edited=&#8221;on|tablet&#8221; custom_padding=&#8221;||||true|false&#8221; global_colors_info=&#8221;{}&#8221;][et_pb_column type=&#8221;4_4&#8243; _builder_version=&#8221;4.16&#8243; global_colors_info=&#8221;{}&#8221;][et_pb_button button_url=&#8221;https:\/\/internoverde.it\/edizioni\/&#8221; button_text=&#8221;Scopri tutte le edizioni di Interno Verde&#8221; button_alignment=&#8221;center&#8221; disabled_on=&#8221;off|off|off&#8221; _builder_version=&#8221;4.27.4&#8243; _module_preset=&#8221;default&#8221; custom_button=&#8221;on&#8221; button_border_radius=&#8221;25px&#8221; button_font=&#8221;unbaunded||||||||&#8221; button_icon=&#8221;&#xf4d8;||fa||900&#8243; custom_margin=&#8221;||||false|false&#8221; custom_padding=&#8221;||||true|false&#8221; button_text_size_tablet=&#8221;&#8221; button_text_size_phone=&#8221;16px&#8221; button_text_size_last_edited=&#8221;on|phone&#8221; custom_css_main_element=&#8221;width: 100%&#8221; locked=&#8221;off&#8221; global_colors_info=&#8221;{}&#8221;][\/et_pb_button][\/et_pb_column][\/et_pb_row][et_pb_row disabled_on=&#8221;on|on|on&#8221; _builder_version=&#8221;4.27.4&#8243; width=&#8221;40%&#8221; width_tablet=&#8221;70%&#8221; width_phone=&#8221;80%&#8221; width_last_edited=&#8221;on|tablet&#8221; custom_padding=&#8221;0px||0px||false|false&#8221; disabled=&#8221;on&#8221; global_colors_info=&#8221;{}&#8221;][et_pb_column type=&#8221;4_4&#8243; _builder_version=&#8221;4.16&#8243; global_colors_info=&#8221;{}&#8221;][et_pb_tabs active_tab_background_color=&#8221;RGBA(255,255,255,0)&#8221; active_tab_text_color=&#8221;#dd0b15&#8243; disabled_on=&#8221;off|off|off&#8221; _builder_version=&#8221;4.27.4&#8243; _module_preset=&#8221;default&#8221; background_color=&#8221;RGBA(255,255,255,0)&#8221; hover_enabled=&#8221;0&#8243; border_radii=&#8221;on|25px|25px|25px|25px&#8221; border_width_all=&#8221;2px&#8221; border_color_all=&#8221;#dd0b15&#8243; global_colors_info=&#8221;{}&#8221; sticky_enabled=&#8221;0&#8243;][et_pb_tab title=&#8221;2025&#8243; _builder_version=&#8221;4.27.4&#8243; _module_preset=&#8221;default&#8221; link_option_url=&#8221;https:\/\/internoverde.it\/vicenza\/edizione-2025\/&#8221; hover_enabled=&#8221;0&#8243; global_colors_info=&#8221;{}&#8221; sticky_enabled=&#8221;0&#8243;]<\/p>\n<p><a href=\"https:\/\/internoverde.it\/eng\/vicenza\/edizione-2025\/\"><img loading=\"lazy\" decoding=\"async\" src=\"https:\/\/internoverde.it\/wp-content\/uploads\/2025\/06\/Copertina_Vicenza-216x300.webp\" width=\"216\" height=\"300\" alt=\"\" class=\"wp-image-28319 aligncenter size-medium\" \/><\/a><\/p>\n<p>[\/et_pb_tab][et_pb_tab title=&#8221;2024&#8243; _builder_version=&#8221;4.27.4&#8243; _module_preset=&#8221;default&#8221; link_option_url=&#8221;https:\/\/internoverde.it\/vicenza\/edizione-2024\/&#8221; global_colors_info=&#8221;{}&#8221;]<\/p>\n<p><a href=\"https:\/\/internoverde.it\/eng\/vicenza\/edizione-2024\/\"><img loading=\"lazy\" decoding=\"async\" src=\"https:\/\/internoverde.it\/wp-content\/uploads\/2024\/10\/Screenshot-2024-10-04-alle-12.20.11_risultato-214x300.webp\" width=\"214\" height=\"300\" alt=\"\" class=\"wp-image-24196 aligncenter size-medium\" \/><\/a><\/p>\n<p>[\/et_pb_tab][\/et_pb_tabs][\/et_pb_column][\/et_pb_row][et_pb_row disabled_on=&#8221;on|on|on&#8221; _builder_version=&#8221;4.27.4&#8243; _module_preset=&#8221;default&#8221; disabled=&#8221;on&#8221; global_colors_info=&#8221;{}&#8221;][et_pb_column type=&#8221;4_4&#8243; _builder_version=&#8221;4.16&#8243; _module_preset=&#8221;default&#8221; global_colors_info=&#8221;{}&#8221;][et_pb_text content_tablet=&#8221;<\/p>\n<h4 style=\"%22text-align:\" left;%22>I progetti di IV a Piacenza<\/h4>\n<p>&#8221; content_phone=&#8221;<\/p>\n<h4 style=\"%22text-align:\" center;%22>I progetti di IV a Piacenza<\/h4>\n<p>&#8221; content_last_edited=&#8221;on|phone&#8221; _builder_version=&#8221;4.27.4&#8243; _module_preset=&#8221;default&#8221; header_4_font=&#8221;unbaunded||||||||&#8221; min_height=&#8221;8px&#8221; custom_padding=&#8221;2px|||||&#8221; global_colors_info=&#8221;{}&#8221;]<\/p>\n<h4 style=\"text-align: left;\">I progetti di IV a Vicenza<\/h4>\n<p>[\/et_pb_text][et_pb_portfolio fullwidth=&#8221;off&#8221; include_categories=&#8221;180&#8243; show_categories=&#8221;off&#8221; _builder_version=&#8221;4.27.4&#8243; _module_preset=&#8221;default&#8221; title_font=&#8221;unbaunded||||||||&#8221; title_text_align=&#8221;center&#8221; title_font_size=&#8221;17px&#8221; title_line_height=&#8221;1.8em&#8221; border_radii_image=&#8221;on|25px|25px|25px|25px&#8221; border_width_all_image=&#8221;2px&#8221; border_color_all_image=&#8221;#dc143c&#8221; global_colors_info=&#8221;{}&#8221;][\/et_pb_portfolio][\/et_pb_column][\/et_pb_row][\/et_pb_section]<\/p>","protected":false},"excerpt":{"rendered":"<p>Interno Verde a VicenzaGiardini aperti a Vicenza con Interno Verde, la manifestazione che, giunta alla seconda edizione nel 2025, ha permesso di esplorare oltre 40 tra i pi\u00f9 suggestivi e curiosi giardini privati del centro storico, attraverso i quali \u00e8 possibile leggere la storia, i cambiamenti e i vissuti della citt\u00e0. Ha arricchito le edizioni [&hellip;]<\/p>","protected":false},"author":1,"featured_media":0,"parent":0,"menu_order":0,"comment_status":"closed","ping_status":"closed","template":"","meta":{"_et_pb_use_builder":"on","_et_pb_old_content":"","_et_gb_content_width":"","footnotes":""},"class_list":["post-24503","page","type-page","status-publish","hentry"],"aioseo_notices":[],"_links":{"self":[{"href":"https:\/\/internoverde.it\/eng\/wp-json\/wp\/v2\/pages\/24503","targetHints":{"allow":["GET"]}}],"collection":[{"href":"https:\/\/internoverde.it\/eng\/wp-json\/wp\/v2\/pages"}],"about":[{"href":"https:\/\/internoverde.it\/eng\/wp-json\/wp\/v2\/types\/page"}],"author":[{"embeddable":true,"href":"https:\/\/internoverde.it\/eng\/wp-json\/wp\/v2\/users\/1"}],"replies":[{"embeddable":true,"href":"https:\/\/internoverde.it\/eng\/wp-json\/wp\/v2\/comments?post=24503"}],"version-history":[{"count":11,"href":"https:\/\/internoverde.it\/eng\/wp-json\/wp\/v2\/pages\/24503\/revisions"}],"predecessor-version":[{"id":28326,"href":"https:\/\/internoverde.it\/eng\/wp-json\/wp\/v2\/pages\/24503\/revisions\/28326"}],"wp:attachment":[{"href":"https:\/\/internoverde.it\/eng\/wp-json\/wp\/v2\/media?parent=24503"}],"curies":[{"name":"wp","href":"https:\/\/api.w.org\/{rel}","templated":true}]}}